{"id":151,"date":"2018-12-05T08:36:27","date_gmt":"2018-12-05T07:36:27","guid":{"rendered":"http:\/\/test.hsg.schwerte.de\/?page_id=151"},"modified":"2019-01-15T10:45:46","modified_gmt":"2019-01-15T09:45:46","slug":"datenschutzerklaerung","status":"publish","type":"page","link":"https:\/\/hsg.schwerte.de\/index.php\/datenschutzerklaerung\/","title":{"rendered":"DATENSCHUTZERKL\u00c4RUNG"},"content":{"rendered":"<p>&nbsp;<\/p>\n<div class=\"column three-fifth\"><\/p>\n<p>Verantwortliche Stelle im Sinne der Datenschutzgesetze, insbesondere der EU-Datenschutzgrundverordnung (DSGVO), ist:<\/p>\n<p>TG Westhofen, Witold Schiprowski<br \/>\nTel. 0179 5263424<br \/>\n<a href=\"&#109;&#x61;i&#x6c;&#x74;&#111;&#x3a;w&#46;&#x73;&#99;&#x68;i&#112;&#x72;o&#x77;s&#107;&#x69;&#64;&#x74;&#x67;&#119;&#x65;s&#116;&#x68;&#111;&#x66;e&#110;&#x2e;&#100;&#x65;\">&#x77;&#x2e;&#x73;&#x63;&#x68;&#105;&#112;&#114;&#111;wsk&#x69;&#x40;&#x74;&#x67;&#x77;&#x65;&#115;&#116;&#104;ofe&#x6e;&#x2e;&#x64;&#x65;<\/a><\/p>\n<p>TV Jahn Rot-Wei\u00df, Till Becker<br \/>\nTel. 0179 1463980<br \/>\n<a href=\"&#x6d;&#x61;&#x69;&#x6c;&#x74;&#x6f;&#x3a;&#x74;&#x69;&#x6c;&#x6c;&#x2e;&#x62;&#x65;&#x63;&#x6b;&#x65;&#x72;&#x40;&#x74;&#x76;&#x6a;&#x72;&#x77;&#x2d;&#x73;&#x63;&#x68;&#x77;&#x65;&#x72;&#x74;&#x65;&#x2e;&#x64;&#x65;\">&#x74;&#x69;&#x6c;&#x6c;&#x2e;&#x62;&#x65;&#x63;&#x6b;&#x65;&#x72;&#x40;&#x74;&#x76;&#x6a;&#x72;&#x77;&#x2d;&#x73;&#x63;&#x68;&#x77;&#x65;&#x72;&#x74;&#x65;&#x2e;&#x64;&#x65;<\/a><\/p>\n<h5><\/h5>\n<p>&nbsp;<\/p>\n<h5>Ihre Betroffenenrechte<\/h5>\n<p>Unter den angegebenen Kontaktdaten unseres Datenschutzbeauftragten k\u00f6nnen Sie jederzeit folgende Rechte aus\u00fcben:<\/p>\n<ul>\n<li>Auskunft \u00fcber Ihre bei uns gespeicherten Daten und deren Verarbeitung (Art. 15 DSGVO),<\/li>\n<li>Berichtigung unrichtiger personenbezogener Daten (Art. 16 DSGVO),<\/li>\n<li>L\u00f6schung Ihrer bei uns gespeicherten Daten (Art. 17 DSGVO),<\/li>\n<li>Einschr\u00e4nkung der Datenverarbeitung, sofern wir Ihre Daten aufgrund gesetzlicher Pflichten noch nicht l\u00f6schen d\u00fcrfen (Art. 18 DSGVO),<\/li>\n<li>Widerspruch gegen die Verarbeitung Ihrer Daten bei uns (Art. 21 DSGVO) und<\/li>\n<li>Daten\u00fcbertragbarkeit, sofern Sie in die Datenverarbeitung eingewilligt haben oder einen Vertrag mit uns abgeschlossen haben (Art. 20 DSGVO).<\/li>\n<\/ul>\n<p>Sofern Sie uns eine Einwilligung erteilt haben, k\u00f6nnen Sie diese jederzeit mit Wirkung f\u00fcr die Zukunft widerrufen.<\/p>\n<p>Sie k\u00f6nnen sich jederzeit mit einer Beschwerde an die f\u00fcr Sie zust\u00e4ndige Aufsichtsbeh\u00f6rde wenden (Art. 77 DSGVO i.V.m. \u00a7 19 BDSG). Ihre zust\u00e4ndige Aufsichtsbeh\u00f6rde richtet sich nach dem Bundesland Ihres Wohnsitzes, Ihrer Arbeit oder der mutma\u00dflichen Verletzung. Eine Liste der Aufsichtsbeh\u00f6rden (f\u00fcr den nicht\u00f6ffentlichen Bereich) mit Anschrift finden Sie unter:\u00a0<a href=\"https:\/\/www.bfdi.bund.de\/DE\/Infothek\/Anschriften_Links\/anschriften_links-node.html\" target=\"_blank\" rel=\"nofollow noopener noreferrer\">https:\/\/www.bfdi.bund.de\/DE\/Infothek\/Anschriften_Links\/anschriften_links-node.html<\/a>.<\/p>\n<h5><\/h5>\n<h5>Erfassung allgemeiner Informationen beim Besuch unserer Website<\/h5>\n<h6>ART UND ZWECK DER VERARBEITUNG:<\/h6>\n<p>Wenn Sie auf unsere Website zugreifen, d.h., wenn Sie sich nicht registrieren oder anderweitig Informationen \u00fcbermitteln, werden automatisch Informationen allgemeiner Natur erfasst. Diese Informationen (Server-Logfiles) beinhalten etwa die Art des Webbrowsers, das verwendete Betriebssystem, den Domainnamen Ihres Internet-Service-Providers und \u00e4hnliches. Hierbei handelt es sich ausschlie\u00dflich um Informationen, welche keine R\u00fcckschl\u00fcsse auf Ihre Person zulassen.<\/p>\n<p>Sie werden insbesondere zu folgenden Zwecken verarbeitet:<\/p>\n<ul>\n<li>Sicherstellung eines problemlosen Verbindungsaufbaus der Website,<\/li>\n<li>Sicherstellung einer reibungslosen Nutzung unserer Website,<\/li>\n<li>Auswertung der Systemsicherheit und -stabilit\u00e4t sowie<\/li>\n<li>zu weiteren administrativen Zwecken.<\/li>\n<\/ul>\n<p>Wir verwenden Ihre Daten nicht, um R\u00fcckschl\u00fcsse auf Ihre Person zu ziehen.<\/p>\n<p>Anonyme Informationen dieser Art werden von uns ggfs. statistisch ausgewertet, um unseren Internetauftritt und die dahinterstehende Technik zu optimieren.<\/p>\n<h6>RECHTSGRUNDLAGE:<\/h6>\n<p>Die Verarbeitung erfolgt gem\u00e4\u00df Art. 6 Abs. 1 lit. f DSGVO auf Basis unseres berechtigten Interesses an der Verbesserung der Stabilit\u00e4t und Funktionalit\u00e4t unserer Website.<\/p>\n<h6>EMPF\u00c4NGER:<\/h6>\n<p>Empf\u00e4nger der Daten sind nur die verantwortliche Stelle und ggf. technische Dienstleister, die f\u00fcr den Betrieb und die Wartung unserer Webseite als Auftragsverarbeiter t\u00e4tig werden.<\/p>\n<h6>SPEICHERDAUER:<\/h6>\n<p>Die Daten werden gel\u00f6scht, sobald diese f\u00fcr den Zweck der Erhebung nicht mehr erforderlich sind. Dies ist f\u00fcr die Daten, die der Bereitstellung der Webseite dienen, grunds\u00e4tzlich der Fall, wenn die jeweilige Sitzung beendet ist.<\/p>\n<h6>BEREITSTELLUNG VORGESCHRIEBEN ODER ERFORDERLICH:<\/h6>\n<p>Die Bereitstellung der vorgenannten personenbezogenen Daten ist weder gesetzlich noch vertraglich vorgeschrieben. Ohne die IP-Adresse und die Cookie-Kennung ist jedoch der Dienst und die Funktionsf\u00e4higkeit unserer Website nicht gew\u00e4hrleistet. Zudem k\u00f6nnen einzelne Dienste und Services nicht verf\u00fcgbar oder eingeschr\u00e4nkt sein. Aus diesem Grund ist ein Widerspruch ausgeschlossen.<\/p>\n<h5><\/h5>\n<h5>Kontaktformular<\/h5>\n<h6>ART UND ZWECK DER VERARBEITUNG:<\/h6>\n<p>Die von Ihnen eingegebenen Daten werden zum Zweck der individuellen Kommunikation mit Ihnen gespeichert. Hierf\u00fcr ist die Angabe einer validen E-Mail-Adresse erforderlich. Diese dient der Zuordnung der Anfrage und der anschlie\u00dfenden Beantwortung derselben. Die Angabe weiterer Daten ist optional.<\/p>\n<h6>RECHTSGRUNDLAGE:<\/h6>\n<p>Die Verarbeitung der in das Kontaktformular eingegebenen Daten erfolgt auf der Grundlage eines berechtigten Interesses (Art 6 Abs. 1 lit f DSGVO).<\/p>\n<p>Durch Bereitstellung des Kontaktformulars m\u00f6chten wir Ihnen eine unkomplizierte Kontaktaufnahme erm\u00f6glichen. Ihre gemachten Angaben werden zum Zwecke der Bearbeitung der Anfrage sowie f\u00fcr m\u00f6gliche Anschlussfragen gespeichert.<\/p>\n<p>Sofern Sie mit uns Kontakt aufnehmen, um ein Angebot zu erfragen, erfolgt die Verarbeitung der in das Kontaktformular eingegebenen Daten zur Durchf\u00fchrung vorvertraglicher Ma\u00dfnahmen (Art 6 Abs. 1 lit b DSGVO).<\/p>\n<h6>EMPF\u00c4NGER:<\/h6>\n<p>Empf\u00e4nger der Daten sind nur die verantwortliche Stelle und ggf. Auftragsverarbeiter.<\/p>\n<h6>SPEICHERDAUER:<\/h6>\n<p>Daten werden sp\u00e4testens 6 Monate nach Bearbeitung der Anfrage gel\u00f6scht.<\/p>\n<p>Sofern es zu einem Vertragsverh\u00e4ltnis kommt, unterliegen wir den gesetzlichen Aufbewahrungsfristen nach HGB und l\u00f6schen Ihre Daten nach 6 Jahren.<\/p>\n<h6>BEREITSTELLUNG VORGESCHRIEBEN ODER ERFORDERLICH:<\/h6>\n<p>Die Bereitstellung Ihrer personenbezogenen Daten erfolgt freiwillig, allein auf Basis Ihrer Einwilligung. Ohne bestehende Einwilligung k\u00f6nnen wir mit Ihnen leider nicht in Verbindung treten.<\/p>\n<h5><\/h5>\n<h5>\u00c4nderung unserer Datenschutzbestimmungen<\/h5>\n<p>Wir behalten uns vor, diese Datenschutzerkl\u00e4rung anzupassen, damit sie stets den aktuellen rechtlichen Anforderungen entspricht oder um \u00c4nderungen unserer Leistungen in der Datenschutzerkl\u00e4rung umzusetzen, z.B. bei der Einf\u00fchrung neuer Services. F\u00fcr Ihren erneuten Besuch gilt dann die neue Datenschutzerkl\u00e4rung.<\/p>\n<h5><\/h5>\n<h5>Fragen an den Datenschutzbeauftragten<\/h5>\n<p>Wenn Sie Fragen zum Datenschutz haben, schreiben Sie uns bitte eine E-Mail oder wenden Sie sich direkt an die f\u00fcr den Datenschutz verantwortliche Person in unserer Organisation:<\/p>\n<p><strong>Datenschutzbeauftragter:<\/strong><\/p>\n<p><a href=\"&#x6d;a&#x69;&#108;&#x74;&#111;&#x3a;&#x77;&#46;&#x73;&#99;&#x68;&#105;&#x70;&#114;o&#x77;&#115;&#x6b;&#105;&#x40;&#116;g&#x77;&#101;&#x73;&#116;&#x68;&#111;f&#x65;n&#x2e;&#100;&#x65;\">&#x77;&#46;s&#x63;&#104;i&#x70;&#114;o&#x77;&#x73;&#107;&#x69;&#x40;&#116;g&#x77;&#101;s&#x74;&#104;o&#x66;&#x65;&#110;&#x2e;&#x64;&#101;<\/a><\/p>\n<p><a href=\"m&#97;&#x69;&#x6c;t&#111;&#58;&#x74;&#x69;l&#108;&#46;&#x62;&#x65;c&#107;&#x65;&#x72;&#x40;t&#118;&#x6a;&#x72;w&#45;&#115;&#x63;&#x68;w&#101;&#114;&#x74;&#x65;&#46;&#100;&#x65;\">&#x74;&#x69;&#108;&#108;&#46;b&#x65;&#x63;&#x6b;&#101;r&#64;&#x74;&#x76;&#x6a;&#114;&#119;-&#x73;&#x63;&#x68;&#119;&#101;r&#x74;&#x65;&#x2e;&#100;&#101;<\/a><\/p>\n<p><em>Die Datenschutzerkl\u00e4rung wurde mit dem\u00a0<\/em><em><a href=\"https:\/\/www.activemind.de\/datenschutz\/datenschutzhinweis-generator\/\" target=\"_blank\" rel=\"noopener noreferrer\">Datenschutzerkl\u00e4rungs-Generator der activeMind AG erstellt<\/a>\u00a0(Version 2018-06-12).<\/em><\/p>\n<p><\/div>\n\n","protected":false},"excerpt":{"rendered":"<p>&nbsp;<\/p>\n","protected":false},"author":1,"featured_media":0,"parent":0,"menu_order":0,"comment_status":"closed","ping_status":"closed","template":"","meta":{"footnotes":""},"class_list":["post-151","page","type-page","status-publish","hentry"],"_links":{"self":[{"href":"https:\/\/hsg.schwerte.de\/index.php\/wp-json\/wp\/v2\/pages\/151","targetHints":{"allow":["GET"]}}],"collection":[{"href":"https:\/\/hsg.schwerte.de\/index.php\/wp-json\/wp\/v2\/pages"}],"about":[{"href":"https:\/\/hsg.schwerte.de\/index.php\/wp-json\/wp\/v2\/types\/page"}],"author":[{"embeddable":true,"href":"https:\/\/hsg.schwerte.de\/index.php\/wp-json\/wp\/v2\/users\/1"}],"replies":[{"embeddable":true,"href":"https:\/\/hsg.schwerte.de\/index.php\/wp-json\/wp\/v2\/comments?post=151"}],"version-history":[{"count":8,"href":"https:\/\/hsg.schwerte.de\/index.php\/wp-json\/wp\/v2\/pages\/151\/revisions"}],"predecessor-version":[{"id":638,"href":"https:\/\/hsg.schwerte.de\/index.php\/wp-json\/wp\/v2\/pages\/151\/revisions\/638"}],"wp:attachment":[{"href":"https:\/\/hsg.schwerte.de\/index.php\/wp-json\/wp\/v2\/media?parent=151"}],"curies":[{"name":"wp","href":"https:\/\/api.w.org\/{rel}","templated":true}]}}